1085989
List the prime factors of 990985.
5, 198197
What are the prime factors of 3465559?
3465559
List the prime factors of 4308672.
2, 3, 22441
What are the prime factors of 340648?
2, 7, 11, 79
What are the prime factors of 261884?
2, 7, 47, 199
What are the prime factors of 2822746?
2, 251, 5623
List the prime factors of 3605659.
3605659
List the prime factors of 59077.
59077
List the prime factors of 438525.
3, 5, 1949
What are the prime factors of 207636?
2, 3, 11, 13
What are the prime factors of 108456?
2, 3, 4519
List the prime factors of 1384254.
2, 3, 53, 1451
What are the prime factors of 3150964?
2, 31, 25411
What are the prime factors of 238730?
2, 5, 23873
What are the prime factors of 402342?
2, 3, 67057
List the prime factors of 417539.
31, 13469
What are the prime factors of 798596?
2, 43, 4643
What are the prime factors of 29505107?
179, 191, 863
List the prime factors of 600857.
600857
What are the prime factors of 715427?
829, 863
List the prime factors of 94329.
3, 47, 223
What are the prime factors of 6609670?
2, 5, 367, 1801
List the prime factors of 323109.
3, 3989
List the prime factors of 185232.
2, 3, 17, 227
What are the prime factors of 25895?
5, 5179
What are the prime factors of 30752064?
2, 3, 7, 29, 263
List the prime factors of 75715.
5, 19, 797
What are the prime factors of 102037?
13, 47, 167
What are the prime factors of 4474387?
839, 5333
What are the prime factors of 283954?
2, 11, 12907
List the prime factors of 657246.
2, 3, 109541
What are the prime factors of 1665789?
3, 29, 41, 467
List the prime factors of 268936.
2, 33617
List the prime factors of 4271119.
107, 179, 223
What are the prime factors of 131401?
101, 1301
What are the prime factors of 449635?
5, 19, 4733
List the prime factors of 11518370.
2, 5, 19, 60623
List the prime factors of 378562.
2, 191, 991
What are the prime factors of 3709?
3709
What are the prime factors of 1333417?
1333417
What are the prime factors of 213475?
5, 8539
List the prime factors of 924343.
7, 132049
What are the prime factors of 2548758?
2, 3, 31, 71, 193
What are the prime factors of 1071951?
3, 79, 4523
List the prime factors of 8070379.
8070379
What are the prime factors of 18760610?
2, 5, 11, 170551
What are the prime factors of 224040?
2, 3, 5, 1867
What are the prime factors of 374448?
2, 3, 29, 269
What are the prime factors of 293072?
2, 13, 1409
What are the prime factors of 6705399?
3, 37, 193, 313
What are the prime factors of 3850820?
2, 5, 31, 6211
What are the prime factors of 26056?
2, 3257
What are the prime factors of 35148?
2, 3, 29, 101
What are the prime factors of 5375915?
5, 37, 29059
What are the prime factors of 18220104?
2, 3, 7, 36151
List the prime factors of 96848.
2, 6053
What are the prime factors of 84293?
11, 79, 97
List the prime factors of 1753182.
2, 3, 173, 563
What are the prime factors of 3082106?
2, 79, 19507
List the prime factors of 89693.
257, 349
What are the prime factors of 917223?
3, 305741
List the prime factors of 3303095.
5, 660619
List the prime factors of 1762845.
3, 5, 7, 103, 163
What are the prime factors of 2465603?
7, 352229
What are the prime factors of 803494?
2, 241, 1667
List the prime factors of 23587941.
3, 13, 604819
What are the prime factors of 9377569?
43, 218083
What are the prime factors of 776356?
2, 7, 17, 233
What are the prime factors of 7712982?
2, 3, 47, 1013
List the prime factors of 766371.
3, 255457
List the prime factors of 350173.
241, 1453
List the prime factors of 841906.
2, 13, 32381
What are the prime factors of 1070894?
2, 11, 48677
What are the prime factors of 15387462?
2, 3, 79, 3607
What are the prime factors of 68589?
3, 7621
What are the prime factors of 1538792?
2, 23, 8363
What are the prime factors of 8933283?
3, 131, 7577
List the prime factors of 23386414.
2, 1447, 8081
What are the prime factors of 590575?
5, 23623
What are the prime factors of 1007463?
3, 335821
What are the prime factors of 3183?
3, 1061
List the prime factors of 8528373.
3, 7, 17, 7963
What are the prime factors of 1335555?
3, 5, 13, 761
What are the prime factors of 102927?
3, 11, 3119
What are the prime factors of 195764?
2, 109, 449
What are the prime factors of 134367?
3, 44789
What are the prime factors of 16419832?
2, 11, 13, 31, 463
List the prime factors of 288977.
13, 22229
List the prime factors of 5623600.
2, 5, 17, 827
List the prime factors of 4282404.
2, 3, 7, 7283
What are the prime factors of 3412429?
443, 7703
List the prime factors of 524318.
2, 317, 827
What are the prime factors of 15035903?
15035903
What are the prime factors of 558351?
3, 62039
List the prime factors of 132798.
2, 3, 22133
What are the prime factors of 4185514?
2, 37, 163, 347
What are the prime factors of 3120549?
3, 1040183
List the prime factors of 9215944.
2, 1151993
List the prime factors of 3415746.
2, 3, 59, 9649
What are the prime factors of 14664829?
17, 31, 27827
List the prime factors of 3042499.
151, 20149
List the prime factors of 424811.
424811
List the prime factors of 600408.
2, 3, 31, 269
List the prime factors of 662690.
2, 5, 7, 9467
What are the prime factors of 183814?
2, 73, 1259
What are the prime factors of 72120?
2, 3, 5, 601
List the prime factors of 2077665.
3, 5, 138511
List the prime factors of 2601557.
7, 53093
List the prime factors of 1368862.
2, 11, 43, 1447
What are the prime factors of 95735?
5, 41, 467
List the prime factors of 53298.
2, 3, 7, 47
What are the prime factors of 852503?
571, 1493
What are the prime factors of 782871?
3, 59, 4423
List the prime factors of 2055551.
2055551
List the prime factors of 1943077.
1943077
What are the prime factors of 658728?
2, 3, 7, 1307
What are the prime factors of 849672?
2, 3, 11801
List the prime factors of 7574470.
2, 5, 683, 1109
List the prime factors of 352007.
352007
What are the prime factors of 904870?
2, 5, 41, 2207
List the prime factors of 186925.
5, 7477
What are the prime factors of 5937743?
7, 17, 41, 1217
What are the prime factors of 3593762?
2, 401, 4481
What are the prime factors of 21528732?
2, 3, 17, 105533
What are the prime factors of 2647393?
7, 17, 22247
List the prime factors of 703608.
2, 3, 19, 1543
List the prime factors of 410749.
410749
List the prime factors of 109349.
43, 2543
List the prime factors of 63577.
63577
What are the prime factors of 282128?
2, 7, 11, 229
What are the prime factors of 30897694?
2, 23, 359, 1871
What are the prime factors of 114232?
2, 109, 131
What are the prime factors of 123664?
2, 59, 131
List the prime factors of 2515480.
2, 5, 11, 5717
What are the prime factors of 186210?
2, 3, 5, 2069
List the prime factors of 214857.
3, 23873
List the prime factors of 262894.
2, 131447
What are the prime factors of 12684979?
12684979
What are the prime factors of 410662?
2, 7, 29333
List the prime factors of 11789496.
2, 3, 54581
What are the prime factors of 1746499?
19, 91921
List the prime factors of 289968.
2, 3, 7, 863
What are the prime factors of 603419?
43, 14033
List the prime factors of 112612.
2, 47, 599
List the prime factors of 1338797.
19, 31, 2273
List the prime factors of 374919.
3, 47, 2659
List the prime factors of 5037972.
2, 3, 419831
List the prime factors of 869566.
2, 434783
List the prime factors of 481817.
7, 9833
List the prime factors of 10907626.
2, 5453813
List the prime factors of 4693272.
2, 3, 283, 691
What are the prime factors of 10943264?
2, 281, 1217
List the prime factors of 2858785.
5, 23, 24859
What are the prime factors of 8562643?
8562643
What are the prime factors of 170799?
3, 17, 197
List the prime factors of 4164302.
2, 223, 9337
List the prime factors of 760053.
3, 7, 17, 2129
List the prime factors of 4307443.
7, 17, 5171
What are the prime factors of 9046519?
1193, 7583
What are the prime factors of 2185674?
2, 3, 67, 5437
What are the prime factors of 896283?
3, 53, 1879
What are the prime factors of 412650?
2, 3, 5, 7, 131
What are the prime factors of 2771211?
3, 29, 53, 601
List the prime factors of 1091616.
2, 3, 83, 137
List the prime factors of 18047905.
5, 3609581
What are the prime factors of 354097?
354097
What are the prime factors of 89076?
2, 3, 13, 571
What are the prime factors of 1957382?
2, 7, 139813
List the 